{"id":90,"date":"2020-05-28T21:48:36","date_gmt":"2020-05-28T21:48:36","guid":{"rendered":"http:\/\/recubrimientosdeteflon.com\/?page_id=90"},"modified":"2020-05-29T00:08:41","modified_gmt":"2020-05-29T00:08:41","slug":"home-page","status":"publish","type":"page","link":"https:\/\/recubrimientosdeteflon.com\/","title":{"rendered":"Home Page"},"content":{"rendered":"<div id=\"pl-90\"  class=\"panel-layout\" ><div id=\"pg-90-0\"  class=\"panel-grid panel-no-style\" ><div id=\"pgc-90-0-0\"  class=\"panel-grid-cell\" ><div id=\"panel-90-0-0-0\" class=\"so-panel widget widget_circleicon-widget panel-first-child panel-last-child\" data-index=\"0\" >\t\t<div class=\"circle-icon-box circle-icon-position-top circle-icon-hide-box circle-icon-size-small \">\n\t\t\t\t\t\t\t<div class=\"circle-icon-wrapper\">\n\t\t\t\t\t\t\t\t\t\t<div class=\"circle-icon\" >\n\t\t\t\t\t\t\t\t\t\t\t\t\t<div class=\"fa fa-pencil-square-o\" ><\/div>\n\t\t\t\t\t\t\t\t\t\t\t<\/div> \n\t\t\t\t\t\t\t\t\t<\/div>\n\t\t\t\n\t\t\t\t\t\t\t\t\t\t<h4 >\n\t\t\t\t\tAplicaci\u00f3n de Recubrimientos Anti-adherentes TEFLON\t\t\t\t<\/h4>\n\t\t\t\t\t\t\n\t\t\t\t\t\t\t<p class=\"text\" >Aplicaci\u00f3n de Recubrimientos Antiadherentes y Anticorrosivos, tales como Tefl\u00f3n PTFE en Polvo y Pintura Electrostatica. Tefl\u00f3n Grado Alimenticio e Industrial<\/p>\n\t\t\t\t\t\t\t\t\t\t<a href=\"#\" class=\"more-button\" >M\u00e1s Informaci\u00f3n <i><\/i><\/a>\n\t\t\t\t\t<\/div>\n\t\t<\/div><\/div><div id=\"pgc-90-0-1\"  class=\"panel-grid-cell\" ><div id=\"panel-90-0-1-0\" class=\"so-panel widget widget_circleicon-widget panel-first-child panel-last-child\" data-index=\"1\" >\t\t<div class=\"circle-icon-box circle-icon-position-top circle-icon-hide-box circle-icon-size-small \">\n\t\t\t\t\t\t\t<div class=\"circle-icon-wrapper\">\n\t\t\t\t\t\t\t\t\t\t<div class=\"circle-icon\" >\n\t\t\t\t\t\t\t\t\t\t\t\t\t<div class=\"fa fa-check-circle-o\" ><\/div>\n\t\t\t\t\t\t\t\t\t\t\t<\/div> \n\t\t\t\t\t\t\t\t\t<\/div>\n\t\t\t\n\t\t\t\t\t\t\t\t\t\t<h4 >\n\t\t\t\t\tSandblasteo &#8211; Limpieza de Oxido\t\t\t\t<\/h4>\n\t\t\t\t\t\t\n\t\t\t\t\t\t\t<p class=\"text\" >Limpiamos tus piezas a trav\u00e9s de la aplicaci\u00f3n de Oxido de Aluminio o Arena Silica a Presi\u00f3n para darle nueva vida a tus herramientas.<\/p>\n\t\t\t\t\t\t\t\t\t\t<a href=\"#\" class=\"more-button\" >M\u00e1s Informaci\u00f3n <i><\/i><\/a>\n\t\t\t\t\t<\/div>\n\t\t<\/div><\/div><div id=\"pgc-90-0-2\"  class=\"panel-grid-cell\" ><div id=\"panel-90-0-2-0\" class=\"so-panel widget widget_circleicon-widget panel-first-child panel-last-child\" data-index=\"2\" >\t\t<div class=\"circle-icon-box circle-icon-position-top circle-icon-hide-box circle-icon-size-small \">\n\t\t\t\t\t\t\t<div class=\"circle-icon-wrapper\">\n\t\t\t\t\t\t\t\t\t\t<div class=\"circle-icon\" >\n\t\t\t\t\t\t\t\t\t\t\t\t\t<div class=\"fa fa-clock-o\" ><\/div>\n\t\t\t\t\t\t\t\t\t\t\t<\/div> \n\t\t\t\t\t\t\t\t\t<\/div>\n\t\t\t\n\t\t\t\t\t\t\t\t\t\t<h4 >\n\t\t\t\t\tPintura Electrost\u00e1tica\t\t\t\t<\/h4>\n\t\t\t\t\t\t\n\t\t\t\t\t\t\t<p class=\"text\" >Aplica Pintura en Polvo a tus proyectos y Evita la Corrosi\u00f3n de tus Anaqueles, Muebles, Tinas, etc.<\/p>\n\t\t\t\t\t\t\t\t\t\t<a href=\"#\" class=\"more-button\" >Mas Informaci\u00f3n <i><\/i><\/a>\n\t\t\t\t\t<\/div>\n\t\t<\/div><\/div><\/div><div id=\"pg-90-1\"  class=\"panel-grid panel-has-style\" ><div class=\"wide-grey panel-row-style panel-row-style-for-90-1\" ><div id=\"pgc-90-1-0\"  class=\"panel-grid-cell\" ><div id=\"panel-90-1-0-0\" class=\"so-panel widget widget_headline-widget panel-first-child panel-last-child\" data-index=\"3\" >\t\t<h1>Antiadherentes y Anticorrosivos Industriales<\/h1>\n\t\t<div class=\"decoration\"><div class=\"decoration-inside\"><\/div><\/div>\n\t\t<h3>Gran Resistencia a la Temperatura y a la Abrasi\u00f3n<\/h3>\n\t\t<\/div><\/div><\/div><\/div><div id=\"pg-90-2\"  class=\"panel-grid panel-no-style\" ><div id=\"pgc-90-2-0\"  class=\"panel-grid-cell\" ><div id=\"panel-90-2-0-0\" class=\"so-panel widget widget_sow-editor panel-first-child panel-last-child\" data-index=\"4\" ><div\n\t\t\t\n\t\t\tclass=\"so-widget-sow-editor so-widget-sow-editor-base\"\n\t\t\t\n\t\t><h3 class=\"widget-title\">Algunos Beneficios Son:<\/h3>\n<div class=\"siteorigin-widget-tinymce textwidget\">\n\t<ol>\n<li>Extiende la vida de tus Herramentales, Moldes, Tinas y Recipientes de Trabajo.<\/li>\n<li>Ahorramos Dinero - Eliminamos el\u00a0 Uso de Consumibles como Desmoldantes L\u00edquidos que se Deben Aplicar de Forma permanente.<\/li>\n<li>Incrementa la Productividad. Eliminando Paros de Linea porque se Adhiere el Material<\/li>\n<li>Los Recubrimientos son Resistentes a la Temperatura y Durables.<\/li>\n<li>Se Eliminan los Problemas de Oxidaci\u00f3n de Sus Moldes, Herramientas, Tinas y Superficies Donde se Aplica<\/li>\n<li>Se Elimina la Contaminaci\u00f3n de Sus Piezas -NO Mancha -.<\/li>\n<li>Poco Mantenimiento Requerido.<\/li>\n<\/ol>\n<\/div>\n<\/div><\/div><\/div><div id=\"pgc-90-2-1\"  class=\"panel-grid-cell\" ><div id=\"panel-90-2-1-0\" class=\"so-panel widget widget_sow-editor panel-first-child panel-last-child\" data-index=\"5\" ><div\n\t\t\t\n\t\t\tclass=\"so-widget-sow-editor so-widget-sow-editor-base\"\n\t\t\t\n\t\t><h3 class=\"widget-title\">\u00bfPor qu\u00e9 Trabajar con Nosotros?<\/h3>\n<div class=\"siteorigin-widget-tinymce textwidget\">\n\t<ul>\n<li>Garant\u00eda del Servicio Prestado<\/li>\n<li>Tiempo de Respuesta Menor a 48 Horas<\/li>\n<li>Recolecci\u00f3n y Entrega del Material En Tus Instalaciones - SIN COSTO ADICIONAL -.<\/li>\n<li>Materiales de Alta Calidad<\/li>\n<li>Personal Capacitado<\/li>\n<li>Atenci\u00f3n 24\/7<\/li>\n<\/ul>\n<\/div>\n<\/div><\/div><\/div><\/div><div id=\"pg-90-3\"  class=\"panel-grid panel-no-style\" ><div id=\"pgc-90-3-0\"  class=\"panel-grid-cell\" ><div id=\"panel-90-3-0-0\" class=\"so-panel widget widget_sow-image panel-first-child panel-last-child\" data-index=\"6\" ><div\n\t\t\t\n\t\t\tclass=\"so-widget-sow-image so-widget-sow-image-default-4b231843ec72-90\"\n\t\t\t\n\t\t>\n\n<div class=\"sow-image-container\">\n\t\t<img src=\"https:\/\/recubrimientosdeteflon.com\/wp-content\/uploads\/2020\/05\/Logo-CLUSOL-y-Chemours.png\" width=\"517\" height=\"814\" srcset=\"https:\/\/recubrimientosdeteflon.com\/wp-content\/uploads\/2020\/05\/Logo-CLUSOL-y-Chemours.png 517w, https:\/\/recubrimientosdeteflon.com\/wp-content\/uploads\/2020\/05\/Logo-CLUSOL-y-Chemours-191x300.png 191w\" sizes=\"(max-width: 517px) 100vw, 517px\" title=\"Logo CLUSOL y Chemours\" alt=\"\" loading=\"lazy\" \t\tclass=\"so-widget-image\"\/>\n\t<\/div>\n\n<\/div><\/div><\/div><div id=\"pgc-90-3-1\"  class=\"panel-grid-cell\" ><div id=\"panel-90-3-1-0\" class=\"so-panel widget widget_sow-contact-form panel-first-child panel-last-child\" data-index=\"7\" ><div\n\t\t\t\n\t\t\tclass=\"so-widget-sow-contact-form so-widget-sow-contact-form-default-51739e81be19-90\"\n\t\t\t\n\t\t>\t<form\n\t\taction=\"\/index.php\/wp-json\/wp\/v2\/pages\/90\"\n\t\tmethod=\"POST\"\n\t\tclass=\"sow-contact-form\"\n\t\tid=\"contact-form-4b1c\"\n\t>\n\n\t\t\n\t\t            <div class=\"sow-form-field sow-form-field-name\">\n            \t<label class=\"sow-form-field-label-above\" for=\"sow-contact-form-field-tu-nombre-10314101805ed041162fe20386855027\">\n\t\t\t\t<strong>\n\t\t\t\t\tTu nombre\t\t\t\t\t\t\t\t\t<\/strong>\n\t\t\t<\/label>\n\t\t\t\t\t\t\t<span class=\"sow-field-container\">\n\t\t\t\t\t\t\t<input\n\t\t\ttype=\"text\"\n\t\t\tname=\"tu-nombre-10314101805ed041162fe20386855027\"\n\t\t\tid=\"sow-contact-form-field-tu-nombre-10314101805ed041162fe20386855027\"\n\t\t\tvalue=\"\"\n\t\t\tclass=\"sow-text-field\"\n\t\t\t\t\t\/>\n\t\t\t\t\t\t<\/span>\n\t\t\t\t\t\t\t<\/div>\n\t\t\t            <div class=\"sow-form-field sow-form-field-email\">\n            \t<label class=\"sow-form-field-label-above\" for=\"sow-contact-form-field-tu-correo-electrnico-10314101805ed041162fe20386855027\">\n\t\t\t\t<strong>\n\t\t\t\t\tTu correo electr\u00f3nico\t\t\t\t\t\t\t\t\t<\/strong>\n\t\t\t<\/label>\n\t\t\t\t\t\t\t<span class=\"sow-field-container\">\n\t\t\t\t\t\t\t<input\n\t\t\ttype=\"email\"\n\t\t\tname=\"tu-correo-electrnico-10314101805ed041162fe20386855027\"\n\t\t\tid=\"sow-contact-form-field-tu-correo-electrnico-10314101805ed041162fe20386855027\"\n\t\t\tvalue=\"\"\n\t\t\tclass=\"sow-text-field\"\t\t\t\t\t\/>\n\t\t\t\t\t\t<\/span>\n\t\t\t\t\t\t\t<\/div>\n\t\t\t            <div class=\"sow-form-field sow-form-field-tel\">\n            \t<label class=\"sow-form-field-label-above\" for=\"sow-contact-form-field-telfono-10314101805ed041162fe20386855027\">\n\t\t\t\t<strong>\n\t\t\t\t\tTel\u00e9fono\t\t\t\t\t\t\t\t\t<\/strong>\n\t\t\t<\/label>\n\t\t\t\t\t\t\t<span class=\"sow-field-container\">\n\t\t\t\t\t\t\t<input\n\t\t\ttype=\"tel\"\n\t\t\tname=\"telfono-10314101805ed041162fe20386855027\"\n\t\t\tid=\"sow-contact-form-field-telfono-10314101805ed041162fe20386855027\"\n\t\t\tvalue=\"\"\n\t\t\tclass=\"sow-text-field\"\t\t\t\t\t\/>\n\t\t\t\t\t\t<\/span>\n\t\t\t\t\t                <div class=\"sow-form-field-description\">\n\t\t\t\t\t\tIntroduce un Tel\u00e9fono Valido a 10 D\u00edgitos\t                <\/div>\n\t\t\t\t\t\t\t\t<\/div>\n\t\t\t            <div class=\"sow-form-field sow-form-field-textarea\">\n            \t<label class=\"sow-form-field-label-above\" for=\"sow-contact-form-field-mensaje-10314101805ed041162fe20386855027\">\n\t\t\t\t<strong>\n\t\t\t\t\tMensaje\t\t\t\t\t\t\t\t\t<\/strong>\n\t\t\t<\/label>\n\t\t\t\t\t\t\t<span class=\"sow-field-container\">\n\t\t\t\t\t\t\t<textarea\n\t\t\tname=\"mensaje-10314101805ed041162fe20386855027\"\n\t\t\tid=\"sow-contact-form-field-mensaje-10314101805ed041162fe20386855027\"\n\t\t\trows=\"10\"\n\t\t\t\t\t\t\t\t><\/textarea>\n\t\t\t\t\t\t<\/span>\n\t\t\t\t\t\t\t<\/div>\n\t\t\t\t\t\n\t\t\n\t\t\n\t\t<input type=\"hidden\" name=\"instance_hash\" value=\"4b1ce92c51650ec2a7e79b05fd29dad8\" \/>\n\t\t<input type=\"hidden\" id=\"_wpnonce\" name=\"_wpnonce\" value=\"9f06fba406\" \/><input type=\"hidden\" name=\"_wp_http_referer\" value=\"\/index.php\/wp-json\/wp\/v2\/pages\/90\" \/>\t\t<div class=\"sow-submit-wrapper sow-submit-styled\">\n\n\t\t<button class=\"sow-submit\"\n\t\t\t\t\t\t\t\t>\n\t\t\tContacta con nosotros\t\t<\/button>\n\n\t\t<\/div>\n\t<\/form>\n\t<\/div><\/div><\/div><\/div><\/div>","protected":false},"excerpt":{"rendered":"<p>Aplicaci\u00f3n de Recubrimientos Anti-adherentes TEFLON Aplicaci\u00f3n de Recubrimientos Antiadherentes y Anticorrosivos, tales como Tefl\u00f3n PTFE en Polvo y Pintura Electrostatica. Tefl\u00f3n Grado Alimenticio e Industrial M\u00e1s Informaci\u00f3n Sandblasteo &#8211; Limpieza de Oxido Limpiamos tus piezas a trav\u00e9s de la aplicaci\u00f3n de Oxido de Aluminio o Arena Silica a Presi\u00f3n para darle nueva vida a tus [&hellip;]<\/p>\n","protected":false},"author":1,"featured_media":23,"parent":0,"menu_order":0,"comment_status":"closed","ping_status":"closed","template":"home-panels.php","meta":[],"yoast_head":"<!-- This site is optimized with the Yoast SEO plugin v14.2 - https:\/\/yoast.com\/wordpress\/plugins\/seo\/ -->\n<title>Home Page - CLUSOL Mexicana \/ Recubrimientos Antiadherentes y Anticorrosivos<\/title>\n<meta name=\"description\" content=\"Aplicaci\u00f3n de Teflon en Polvo, Pintura Electrostatica y Sandblasteo. Recubrimientos Antiadherentes y Anticorrosivos. Teflon Grado Alimenticio e Industrial.\" \/>\n<meta name=\"robots\" content=\"index, follow\" \/>\n<meta name=\"googlebot\" content=\"index, follow, max-snippet:-1, max-image-preview:large, max-video-preview:-1\" \/>\n<meta name=\"bingbot\" content=\"index, follow, max-snippet:-1, max-image-preview:large, max-video-preview:-1\" \/>\n<link rel=\"canonical\" href=\"http:\/\/recubrimientosdeteflon.com\/index.php\/home-page\/\" \/>\n<meta property=\"og:locale\" content=\"es_MX\" \/>\n<meta property=\"og:type\" content=\"article\" \/>\n<meta property=\"og:title\" content=\"Home Page - CLUSOL Mexicana \/ Recubrimientos Antiadherentes y Anticorrosivos\" \/>\n<meta property=\"og:description\" content=\"Aplicaci\u00f3n de Teflon en Polvo, Pintura Electrostatica y Sandblasteo. Recubrimientos Antiadherentes y Anticorrosivos. Teflon Grado Alimenticio e Industrial.\" \/>\n<meta property=\"og:url\" content=\"http:\/\/recubrimientosdeteflon.com\/index.php\/home-page\/\" \/>\n<meta property=\"og:site_name\" content=\"CLUSOL Mexicana\" \/>\n<meta property=\"article:modified_time\" content=\"2020-05-29T00:08:41+00:00\" \/>\n<meta property=\"og:image\" content=\"https:\/\/recubrimientosdeteflon.com\/wp-content\/uploads\/2020\/05\/photography-exhibit.png\" \/>\n\t<meta property=\"og:image:width\" content=\"1080\" \/>\n\t<meta property=\"og:image:height\" content=\"700\" \/>\n<meta name=\"twitter:card\" content=\"summary_large_image\" \/>\n<script type=\"application\/ld+json\" class=\"yoast-schema-graph\">{\"@context\":\"https:\/\/schema.org\",\"@graph\":[{\"@type\":\"WebSite\",\"@id\":\"https:\/\/recubrimientosdeteflon.com\/#website\",\"url\":\"https:\/\/recubrimientosdeteflon.com\/\",\"name\":\"CLUSOL Mexicana\",\"description\":\"Recubrimientos Antiadherentes y Anticorrosivos\",\"potentialAction\":[{\"@type\":\"SearchAction\",\"target\":\"https:\/\/recubrimientosdeteflon.com\/?s={search_term_string}\",\"query-input\":\"required name=search_term_string\"}],\"inLanguage\":\"es-MX\"},{\"@type\":\"ImageObject\",\"@id\":\"http:\/\/recubrimientosdeteflon.com\/index.php\/home-page\/#primaryimage\",\"inLanguage\":\"es-MX\",\"url\":\"https:\/\/recubrimientosdeteflon.com\/wp-content\/uploads\/2020\/05\/photography-exhibit.png\",\"width\":1080,\"height\":700},{\"@type\":\"WebPage\",\"@id\":\"http:\/\/recubrimientosdeteflon.com\/index.php\/home-page\/#webpage\",\"url\":\"http:\/\/recubrimientosdeteflon.com\/index.php\/home-page\/\",\"name\":\"Home Page - CLUSOL Mexicana \/ Recubrimientos Antiadherentes y Anticorrosivos\",\"isPartOf\":{\"@id\":\"https:\/\/recubrimientosdeteflon.com\/#website\"},\"primaryImageOfPage\":{\"@id\":\"http:\/\/recubrimientosdeteflon.com\/index.php\/home-page\/#primaryimage\"},\"datePublished\":\"2020-05-28T21:48:36+00:00\",\"dateModified\":\"2020-05-29T00:08:41+00:00\",\"description\":\"Aplicaci\\u00f3n de Teflon en Polvo, Pintura Electrostatica y Sandblasteo. Recubrimientos Antiadherentes y Anticorrosivos. Teflon Grado Alimenticio e Industrial.\",\"inLanguage\":\"es-MX\",\"potentialAction\":[{\"@type\":\"ReadAction\",\"target\":[\"http:\/\/recubrimientosdeteflon.com\/index.php\/home-page\/\"]}]}]}<\/script>\n<!-- \/ Yoast SEO plugin. -->","_links":{"self":[{"href":"https:\/\/recubrimientosdeteflon.com\/index.php\/wp-json\/wp\/v2\/pages\/90"}],"collection":[{"href":"https:\/\/recubrimientosdeteflon.com\/index.php\/wp-json\/wp\/v2\/pages"}],"about":[{"href":"https:\/\/recubrimientosdeteflon.com\/index.php\/wp-json\/wp\/v2\/types\/page"}],"author":[{"embeddable":true,"href":"https:\/\/recubrimientosdeteflon.com\/index.php\/wp-json\/wp\/v2\/users\/1"}],"replies":[{"embeddable":true,"href":"https:\/\/recubrimientosdeteflon.com\/index.php\/wp-json\/wp\/v2\/comments?post=90"}],"version-history":[{"count":29,"href":"https:\/\/recubrimientosdeteflon.com\/index.php\/wp-json\/wp\/v2\/pages\/90\/revisions"}],"predecessor-version":[{"id":93,"href":"https:\/\/recubrimientosdeteflon.com\/index.php\/wp-json\/wp\/v2\/pages\/90\/revisions\/93"}],"wp:featuredmedia":[{"embeddable":true,"href":"https:\/\/recubrimientosdeteflon.com\/index.php\/wp-json\/wp\/v2\/media\/23"}],"wp:attachment":[{"href":"https:\/\/recubrimientosdeteflon.com\/index.php\/wp-json\/wp\/v2\/media?parent=90"}],"curies":[{"name":"wp","href":"https:\/\/api.w.org\/{rel}","templated":true}]}}